).
-10
Let g(v) = -v**3 + 5*v**2 - 3*v + 2. Let h = 1 - -3. Determine g(h).
6
Suppose 3*h - 12 = 4*h + 4*s, 2*h = -2*s. Let r(k) = 4*k - 2. Let v(y) = -5*y + 1. Let p(q) = 3*r(q) + 2*v(q). What is p(h)?
4
Let r = 7 - 11. Let b be r/24 + (-1)/(-6). Let m(c) = 5*c**2 - 9*c + 28. Let f(t) = t**2 - 2*t + 7. Let h(d) = -9*f(d) + 2*m(d). What is h(b)?
-7
Let v(c) = -c**3 + 7*c**2 - 7*c + 6. Let j(a) = a + 6. Let y be j(0). Calculate v(y).
0
Let b(g) be the first derivative of g**4/4 + 4*g**3/3 - 2*g**2 + 5*g - 24. Calculate b(-5).
0
Let s(y) = 2 - 4*y + 89*y**2 - 3 - 87*y**2. Calculate s(3).
5
Let q(y) = -y**2 + 6*y - 5. Let s be q(5). Let u be (-1)/2*2 - s. Let z(p) be the third derivative of p**6/20 - p**3/6 + p**2. Give z(u).
-7
Let v be 9*1/(4 + -3). Suppose i - v = 3*k + 3, 3 = 3*k + 4*i. Let b(m) = -m**2 - 3*m - 2. Give b(k).
-2
Let s(n) = -n**2 + 7*n + 3. Suppose 0 = -5*w + 4*u + 35, -w - u + 14 = w. Give s(w).
3
Let o(q) = q**3 - 10*q**2 - 10*q - 8. Let a be o(11). Suppose f - g = -3, a*f - 2*g + 0 + 8 = 0. Let t(s) = 2*s**2 + 2*s - 2. Give t(f).
2
Let g = 59 - 55. Let q(s) be the first derivative of -s**4/4 + 5*s**3/3 - s**2/2 - 5*s - 5. What is q(g)?
7
Let d be 2/2 + (0 - 3). Let h be d/(-11) - 78/66. Let y(s) = -10*s**3 + s**2 + s. Give y(h).
10
Let n(g) be the third derivative of -g**5/60 + g**4/24 - g**3/2 + 4*g**2. Let d = -2 - -4. Suppose -5*l = -d*l. What is n(l)?
-3
Let i(v) = 2*v + 1. Let h = 50 + -52. Give i(h).
-3
Let g(u) = 3*u - 2. Let j be (-2)/6 - 4/6. Let t(v) = v - 1. Let y(z) = j*g(z) + 2*t(z). Let s = 0 - 5. Give y(s).
5
Suppose -4*w + 2 = -14. Let s(l) = l**2 - 3*l - 2. Determine s(w).
2
Let d(o) = 0*o - 8*o**2 - o**2 + 3*o + 8*o**2. Let k(u) = 4*u**2 - u. Let b be k(1). Calculate d(b).
0
Let f(r) be the third derivative of 0 - 3*r**2 + 0*r + 1/24*r**4 - 1/6*r**3. Suppose 0 = -p + 3*p + 4. What is f(p)?
-3
Suppose -b - 4*u = -24, 5*b - 2*u = 12 - 2. Let r(q) be the second derivative of q**3/3 - 3*q**2 - 2*q. What is r(b)?
2
Let g(j) = -j**3 - 3*j**2 + 4*j + 2. Let z(m) = -m**3 - 7*m**2 - 7*m - 9. Let l be z(-6). Give g(l).
-10
Let s(l) be the second derivative of l**3/3 + l**2 + 5*l + 5. Determine s(-4).
-6
Let r(s) = -3*s + 3. Let b(v) = -7*v + 5. Let n(i) = 4*b(i) - 9*r(i). Determine n(-5).
-2
Let x(c) = -c**2 - 4*c + 1. Let d(v) = -2*v**2 + v - 5. Let s(u) = 3*u**2 + 6. Let f(l) = 4*d(l) + 3*s(l). Let y(m) = 6*f(m) + 5*x(m). What is y(-6)?
5
Let h(r) = r**2 - 5*r - 1. Let m be h(6). Let a(f) = -14*f + m*f + 3*f. Let p = -1 - 0. Determine a(p).
6
Let q(o) be the third derivative of o**5/60 + o**4/8 + 2*o**2. Let t = 5 + -8. Determine q(t).
0
Let n(f) = 0*f - 2 + 4*f + 3 + 0*f. What is n(-4)?
-15
Let j(q) = -q**3 - 4*q**2 + 4. Let c be 18/(-4)*10/15. What is j(c)?
-5
Let o be 1*(-2 + 2 + 3). Suppose 5 = -5*u - 4*g - g, -o*u = g + 9. Let p be (-2)/(u/30*-3). Let i(y) = y. Determine i(p).
-5
Let q = -24 - -27. Let i(f) be the second derivative of 1/2*f**2 - 2*f + 0 - 1/12*f**4 - 1/3*f**q. Calculate i(-2).
1
Let y(x) = -x - 7. Let t(p) = 2*p + 8. Let j(r) = 4*t(r) + 6*y(r). Give j(8).
6
Let b = 16 + -12. Let n(s) = s**2 - 5*s - 3. Calculate n(b).
-7
Let t(p) = p**3 - p**2 - 5*p + 4. Let k be (-10)/4*(-12)/10. Let v = k + 0. What is t(v)?
7
Suppose -3*i = -4*i + 2. Let p(n) = 6*n**3 - 3*n**3 - 5 + 2*n**i - 10 + 2*n + 16. What is p(-1)?
-2
Suppose 0 = 3*r - 6*r - 15. Suppose 0 = -0*y + 6*y - 24. Let s(u) = 3*u - 15*u + 13*u - y. What is s(r)?
-9
Suppose -10 = 2*p + 3*p. Let c(d) = -d**3 + d**2 - d + 2. Determine c(p).
16
Let w(o) = -3*o**3 - 5*o**2 + 4*o - 4. Let f(h) = -4*h**3 - 6*h**2 + 5*h - 3. Let i(q) = 4*f(q) - 5*w(q). Give i(0).
8
Let l(b) be the second derivative of b**5/20 + b**4/6 - b**3/2 - 2*b**2 + b. Let c be 6/9 - (-22)/(-6). Determine l(c).
-4
Let o(r) be the second derivative of 1/2*r**2 - 1/6*r**4 + 0 - 4*r + 0*r**3. Determine o(1).
-1
Let u = -1 + 2. Let v(l) = -l**3 + 3*l**2 - 4*l + 3. Let g(b) = b**2 - b + 1. Let q(k) = -3*g(k) + v(k). What is q(u)?
-2
Suppose 4*b + 3*q = -5, 3 - 5 = -b - 4*q. Let x = b - -4. Let i(c) = 2 - c**x + 4 - 2 - 4*c. Give i(-4).
4
Let o(t) = t**3 - 2*t - 1. Let h(b) = b - 2. Let q = 0 - -7. Let i be h(q). Let a be i/2*(-16)/(-20). What is o(a)?
3
Let z(d) be the third derivative of d**4/24 - d**3/6 + 6*d**2. Let c be 21*1 + (-1 - -1). Suppose 0 = -2*j - 2*u, -c = 5*j - u + 3. Give z(j).
-5
Let l(z) = 6*z**3 + 4*z**2 - 4*z + 5. Let w(h) = -h**3 + h. Let r be 4/3 + 1/(-3). Let j(m) = r*l(m) + 5*w(m). Let q be (-88)/20 - (-4)/10. Give j(q).
1
Let y(q) be the second derivative of q**4/12 + 5*q**3/6 - q**2/2 + 7*q. Calculate y(-5).
-1
Let c(t) = t**2 - 7*t + 2. Let s = 7 - 7. Let i be -4 + s + (-6)/(-3). Let x be ((-2)/(-4))/(i/(-20)). Give c(x).
-8
Let r(j) = -j - 7. Suppose 78*q = 77*q - 5. What is r(q)?
-2
Let s(t) = t - 6. Let g be -4 + 4 + (-1 - (-2)/2). Give s(g).
-6
Let v(w) = -w**3 - w**2 + w - 7. Suppose 0 = g + 7*g. Give v(g).
-7
Let h(y) = y**3 + y**2 + 1. Let r(j) = -13*j**3 - 2*j**2 + 2*j - 1. Let d(m) = -2*h(m) - r(m). Let v = 11 + -12. Determine d(v).
-10
Let n(s) = -6*s + 21. Let j(d) = -2*d + 9. Let y(z) = 2*z - 10. Let h(u) = -3*j(u) - 2*y(u). Let k(l) = 11*h(l) + 4*n(l). What is k(5)?
-3
Let v(d) = 0 + d - 3*d - 4. Let c(a) = -2*a - 27. Let u be c(-11). Give v(u).
6
Let u(d) = 2*d. Let g be u(-1). Let z = 2 - g. Let p(o) = -z - 2*o + o + o + 6*o - o**2. Calculate p(4).
4
Let v(g) be the second derivative of 0*g**2 + 1/24*g**4 + 1/2*g**3 - 3*g + 0 - 1/30*g**5. Let j(b) be the second derivative of v(b). What is j(1)?
-3
Let i(f) = f - 2. Suppose 0 = 6*n - 3*n, -2*n = -2*d - 8. Determine i(d).
-6
Let n(g) = 15 + 4*g + 4*g**2 + 2*g - 3*g**2 + 6*g. Let j be n(-10). Let q(k) = k**3 + 5*k**2 + k - 2. Give q(j).
-7
Let s(r) = 2*r - 2. Suppose 0 = -3*l - 6. Let t be (4/5)/(l/25). Let w be ((-15)/t)/((-1)/(-2)). What is s(w)?
4
Let x(v) = -5*v + 2. Let k(t) = -6*t + 2. Let r(n) = 3*k(n) - 4*x(n). Let c be r(2). Let w(y) = -y + 7*y - 3*y - c*y - 1. Determine w(-4).
-5
Let b(c) = -c**2 - 6*c - 3. Let f be b(-5). Let o(h) = -4*h + 1 + h - h**2 + 0*h**f + 2*h + h**3. Determine o(0).
1
Suppose 4*x = 6*w - 4*w - 28, -39 = -3*w + 3*x. Let k(g) = 1 + 10*g + 4*g - w*g. Calculate k(-1).
-1
Let j(y) = -2*y**2 + 2*y + 1. Suppose 15 = -3*g, 2*d - d = 5*g + 38. Suppose -4*h + d = 3*o - 17, -h + 21 = 3*o. Let l(s) = s - 7. Let x be l(o). What is j(x)?
-3
Let w = -10 + 14. Let k(m) = -m**3 + 3*m**2 + 3*m + 1. Determine k(w).
-3
Suppose 4*v = m + 39, -v = -6*v + 2*m + 45. Suppose -2*d = -5*l + v, -2*d - 4 = 2*d - 4*l. Let a(y) = 3*y - 1. What is a(d)?
5
Let g(h) be the first derivative of -1/2*h**2 + 3/2*h**4 + 1/3*h**3 + 0*h + 5. Let b(d) = d - 4. Let l be b(5). Determine g(l).
6
Let x(m) = m - 19*m**3 + 9*m**3 - 5 - 10*m**2 + 11*m**3 + 4*m**2. Calculate x(6).
1
Let x = -65 - -64. Let i(u) = -u. What is i(x)?
1
Let i(u) = 6*u**2 + 1 + 8*u - 7*u**2 + 0*u. Give i(8).
1
Let w(h) = -h**2 - 5*h - 1. Suppose -4*j + 30 = -10*j. Determine w(j).
-1
Suppose -2*v + 4 = 3*f, -3*f + 2*v + 1 = -7. Let l(r) = -3 + 18*r**2 + 2 - 21*r**2 + r. Calculate l(f).
-11
Let t(j) be the second derivative of 0*j**3 - 1/6*j**4 - 1/20*j**5 + 7*j + 0 + 1/2*j**2. Calculate t(-2).
1
Let n(z) = 7*z + 1. Let a(d) = 13*d + 3. Let y(o) = 6*a(o) - 11*n(o). Let m(t) = t**2 + 4*t - 2. Let s be m(-3). Determine y(s).
2
Let y(p) be the second derivative of -2*p**3/3 - 2*p. Give y(1).
-4
Suppose -2*w - 2*w + 32 = 0. Let k be (1*-1)/((-4)/w). Let q(r) be the first derivative of r**3 - r**2 + r + 8. Give q(k).
9
Let c(v) = -v**3 - 11*v**2 + 10*v - 16. Let y be c(-12). Let s(m) = -m**2 + 7*m + 3. What is s(y)?
-5
Let j(l) = 5*l - 5. Let i(u) = -u**2 + 6*u - 6. Let q(s) = 5*i(s) - 6*j(s). What is q(-1)?
-5
Let t(i) = -i**3 - 3*i**2 + i + 4. Let h be (-12)/(-10)*(-5)/2. What is t(h)?
1
Let k(w) = -w**3 - 4*w**2 + w + 3. Let q be k(-3). Let s(x) = -x**3 - 9*x**2 - 6. Let y be s(q). Let t(m) = 2*m + 5. What is t(y)?
-7
Let h(w) be the second derivative of w**4/6 + 5*w**3/6 - w**2 - 5*w. Determine h(-4).
10
Suppose -3*g = -6, 4*j - 2*g = 2*g + 16. Suppose t + t = -j. Let l(h) = -h + 2. What is l(t)?
5
Let u(b) = b + 2 - 5 + 4 - 5. Determine u(5).
1
Suppose 4*i = -3*v + 42, -i = -6*i + v + 43. Suppose 3*o - 6 = i. Let b(g) = g**3 - 6*g